{"id":15,"date":"2023-06-18T20:44:02","date_gmt":"2023-06-19T00:44:02","guid":{"rendered":"https:\/\/back2land.ca\/nbclt\/?page_id=15"},"modified":"2026-03-03T18:27:37","modified_gmt":"2026-03-03T23:27:37","slug":"nbclt-new-brunswick-community-land-trust","status":"publish","type":"page","link":"https:\/\/back2land.ca\/nbclt\/","title":{"rendered":"Home"},"content":{"rendered":"\n<main class=\"wp-block-group is-layout-flow wp-block-group-is-layout-flow\" style=\"padding-top:var(--wp--preset--spacing--70);padding-bottom:var(--wp--preset--spacing--70)\">\n<div class=\"wp-block-columns is-layout-flex wp-container-core-columns-is-layout-28f84493 wp-block-columns-is-layout-flex\">\n<div class=\"wp-block-column is-layout-flow wp-block-column-is-layout-flow\">\n<div class=\"wp-block-cover alignfull has-aspect-ratio\" style=\"margin-top:0;padding-top:50px;padding-right:75px;padding-bottom:50px;padding-left:75px;min-height:66vh;aspect-ratio:auto;min-height:unset;\"><img loading=\"lazy\" decoding=\"async\" width=\"576\" height=\"1024\" class=\"wp-block-cover__image-background wp-image-73 size-large\" alt=\"\" src=\"https:\/\/back2land.ca\/nbclt\/wp-content\/uploads\/2023\/06\/Image_fx-4-576x1024.jpg\" style=\"object-position:20% 30%\" data-object-fit=\"cover\" data-object-position=\"20% 30%\" srcset=\"https:\/\/back2land.ca\/nbclt\/wp-content\/uploads\/2023\/06\/Image_fx-4-576x1024.jpg 576w, https:\/\/back2land.ca\/nbclt\/wp-content\/uploads\/2023\/06\/Image_fx-4-169x300.jpg 169w, https:\/\/back2land.ca\/nbclt\/wp-content\/uploads\/2023\/06\/Image_fx-4.jpg 768w\" sizes=\"auto, (max-width: 576px) 100vw, 576px\" \/><span aria-hidden=\"true\" class=\"wp-block-cover__background has-background-dim wp-block-cover__gradient-background has-background-gradient\" style=\"background:linear-gradient(4deg,rgba(202,247,129,0) 0%,rgb(181,33,33) 21%,rgb(0,0,0) 49%)\"><\/span><div class=\"wp-block-cover__inner-container is-layout-flow wp-block-cover-is-layout-flow\">\n<div class=\"wp-block-group is-content-justification-left is-layout-constrained wp-container-core-group-is-layout-89b02a4c wp-block-group-is-layout-constrained\">\n<h2 class=\"wp-block-heading has-text-align-left has-white-color has-text-color has-x-large-font-size\" style=\"font-style:normal;font-weight:300;letter-spacing:0px;line-height:1\">Learn how to <strong>access land<\/strong> for sustainable gardens and micro-farms, held in trust by the NBCLT.<\/h2>\n<\/div>\n\n\n\n<div style=\"height:35px\" aria-hidden=\"true\" class=\"wp-block-spacer\"><\/div>\n\n\n\n<div class=\"wp-block-buttons is-content-justification-center is-nowrap is-layout-flex wp-container-core-buttons-is-layout-12a27398 wp-block-buttons-is-layout-flex\">\n<div class=\"wp-block-button is-style-outline is-style-outline--1\"><a class=\"wp-block-button__link has-white-color has-text-color has-background has-custom-font-size wp-element-button\" href=\"https:\/\/back2land.ca\/nbclt\/how-to-access-land\/\" style=\"background-color:#00000052;padding-top:24px;padding-right:48px;padding-bottom:24px;padding-left:48px;font-size:16px;font-style:normal;font-weight:600;letter-spacing:0px;text-transform:uppercase\">Learn How<\/a><\/div>\n<\/div>\n<\/div><\/div>\n<\/div>\n\n\n\n<div class=\"wp-block-column is-layout-flow wp-block-column-is-layout-flow\">\n<div class=\"wp-block-cover alignfull has-aspect-ratio\" style=\"margin-top:0;padding-top:50px;padding-right:75px;padding-bottom:50px;padding-left:75px;min-height:66vh;aspect-ratio:auto;min-height:unset;\"><img loading=\"lazy\" decoding=\"async\" width=\"576\" height=\"1024\" class=\"wp-block-cover__image-background wp-image-73 size-large\" alt=\"\" src=\"https:\/\/back2land.ca\/nbclt\/wp-content\/uploads\/2023\/06\/Image_fx-4-576x1024.jpg\" style=\"object-position:81% 88%\" data-object-fit=\"cover\" data-object-position=\"81% 88%\" srcset=\"https:\/\/back2land.ca\/nbclt\/wp-content\/uploads\/2023\/06\/Image_fx-4-576x1024.jpg 576w, https:\/\/back2land.ca\/nbclt\/wp-content\/uploads\/2023\/06\/Image_fx-4-169x300.jpg 169w, https:\/\/back2land.ca\/nbclt\/wp-content\/uploads\/2023\/06\/Image_fx-4.jpg 768w\" sizes=\"auto, (max-width: 576px) 100vw, 576px\" \/><span aria-hidden=\"true\" class=\"wp-block-cover__background has-background-dim wp-block-cover__gradient-background has-background-gradient\" style=\"background:linear-gradient(4deg,rgba(202,247,129,0) 0%,rgb(181,33,33) 21%,rgb(0,0,0) 49%)\"><\/span><div class=\"wp-block-cover__inner-container is-layout-flow wp-block-cover-is-layout-flow\">\n<div class=\"wp-block-group is-content-justification-left is-layout-constrained wp-container-core-group-is-layout-89b02a4c wp-block-group-is-layout-constrained\">\n<h2 class=\"wp-block-heading has-text-align-left has-white-color has-text-color has-x-large-font-size\" style=\"font-style:normal;font-weight:300;letter-spacing:0px;line-height:1\">D\u00e9couvrez comment <strong>acc\u00e9der \u00e0 des terres <\/strong>d\u00e9tenues en fiducie par le NBCLT pour cr\u00e9er des jardins durables et des micro-fermes.<\/h2>\n<\/div>\n\n\n\n<div class=\"wp-block-buttons is-content-justification-center is-nowrap is-layout-flex wp-container-core-buttons-is-layout-12a27398 wp-block-buttons-is-layout-flex\">\n<div class=\"wp-block-button is-style-outline is-style-outline--2\"><a class=\"wp-block-button__link has-white-color has-text-color has-background has-custom-font-size wp-element-button\" href=\"https:\/\/back2land.ca\/nbclt\/how-to-access-land\/\" style=\"background-color:#00000052;padding-top:24px;padding-right:48px;padding-bottom:24px;padding-left:48px;font-size:16px;font-style:normal;font-weight:600;letter-spacing:0px;text-transform:uppercase\">apprendre comment<\/a><\/div>\n<\/div>\n<\/div><\/div>\n<\/div>\n<\/div>\n\n\n\n<div class=\"wp-block-columns is-layout-flex wp-container-core-columns-is-layout-28f84493 wp-block-columns-is-layout-flex\">\n<div class=\"wp-block-column is-layout-flow wp-block-column-is-layout-flow\" style=\"border-style:none;border-width:0px;border-top-left-radius:0px;border-top-right-radius:0px;border-bottom-left-radius:0px;border-bottom-right-radius:0px\">\n<div class=\"wp-block-cover alignfull has-aspect-ratio\" style=\"margin-top:0;padding-top:50px;padding-right:75px;padding-bottom:50px;padding-left:75px;min-height:66vh;aspect-ratio:auto;min-height:unset;\"><img loading=\"lazy\" decoding=\"async\" width=\"576\" height=\"1024\" class=\"wp-block-cover__image-background wp-image-72 size-large\" alt=\"\" src=\"https:\/\/back2land.ca\/nbclt\/wp-content\/uploads\/2023\/06\/Image_fx-3-576x1024.jpg\" style=\"object-position:46% 27%\" data-object-fit=\"cover\" data-object-position=\"46% 27%\" srcset=\"https:\/\/back2land.ca\/nbclt\/wp-content\/uploads\/2023\/06\/Image_fx-3-576x1024.jpg 576w, https:\/\/back2land.ca\/nbclt\/wp-content\/uploads\/2023\/06\/Image_fx-3-169x300.jpg 169w, https:\/\/back2land.ca\/nbclt\/wp-content\/uploads\/2023\/06\/Image_fx-3.jpg 768w\" sizes=\"auto, (max-width: 576px) 100vw, 576px\" \/><span aria-hidden=\"true\" class=\"wp-block-cover__background has-background-dim wp-block-cover__gradient-background has-background-gradient\" style=\"background:linear-gradient(0deg,rgba(255,206,166,0.07) 7%,rgb(166,72,0) 29%,rgb(0,0,0) 57%)\"><\/span><div class=\"wp-block-cover__inner-container is-layout-flow wp-block-cover-is-layout-flow\">\n<div class=\"wp-block-group is-content-justification-left is-layout-constrained wp-container-core-group-is-layout-89b02a4c wp-block-group-is-layout-constrained\">\n<h2 class=\"wp-block-heading has-text-align-left has-white-color has-text-color has-x-large-font-size\" style=\"font-style:normal;font-weight:300;letter-spacing:0px;line-height:1\">Please <strong>donate land<\/strong> to help grow land access across <br>New Brunswick<\/h2>\n<\/div>\n\n\n\n<div style=\"height:35px\" aria-hidden=\"true\" class=\"wp-block-spacer\"><\/div>\n\n\n\n<div class=\"wp-block-buttons is-content-justification-center is-nowrap is-layout-flex wp-container-core-buttons-is-layout-12a27398 wp-block-buttons-is-layout-flex\">\n<div class=\"wp-block-button is-style-outline is-style-outline--3\"><a class=\"wp-block-button__link has-white-color has-text-color has-background has-custom-font-size wp-element-button\" href=\"https:\/\/back2land.ca\/nbclt\/how-to-donate-land\/\" style=\"background-color:#00000052;padding-top:24px;padding-right:48px;padding-bottom:24px;padding-left:48px;font-size:16px;font-style:normal;font-weight:600;letter-spacing:0px;text-transform:uppercase\">Learn More<\/a><\/div>\n<\/div>\n<\/div><\/div>\n<\/div>\n\n\n\n<div class=\"wp-block-column is-layout-flow wp-block-column-is-layout-flow\" style=\"border-style:none;border-width:0px;border-top-left-radius:0px;border-top-right-radius:0px;border-bottom-left-radius:0px;border-bottom-right-radius:0px\">\n<div class=\"wp-block-cover alignfull has-aspect-ratio\" style=\"margin-top:0;padding-top:50px;padding-right:75px;padding-bottom:50px;padding-left:75px;min-height:66vh;aspect-ratio:auto;min-height:unset;\"><img loading=\"lazy\" decoding=\"async\" width=\"576\" height=\"1024\" class=\"wp-block-cover__image-background wp-image-72 size-large\" alt=\"\" src=\"https:\/\/back2land.ca\/nbclt\/wp-content\/uploads\/2023\/06\/Image_fx-3-576x1024.jpg\" style=\"object-position:65% 78%\" data-object-fit=\"cover\" data-object-position=\"65% 78%\" srcset=\"https:\/\/back2land.ca\/nbclt\/wp-content\/uploads\/2023\/06\/Image_fx-3-576x1024.jpg 576w, https:\/\/back2land.ca\/nbclt\/wp-content\/uploads\/2023\/06\/Image_fx-3-169x300.jpg 169w, https:\/\/back2land.ca\/nbclt\/wp-content\/uploads\/2023\/06\/Image_fx-3.jpg 768w\" sizes=\"auto, (max-width: 576px) 100vw, 576px\" \/><span aria-hidden=\"true\" class=\"wp-block-cover__background has-background-dim wp-block-cover__gradient-background has-background-gradient\" style=\"background:linear-gradient(0deg,rgba(255,206,166,0.07) 7%,rgb(166,72,0) 29%,rgb(0,0,0) 57%)\"><\/span><div class=\"wp-block-cover__inner-container is-layout-flow wp-block-cover-is-layout-flow\">\n<div class=\"wp-block-group is-content-justification-left is-layout-constrained wp-container-core-group-is-layout-89b02a4c wp-block-group-is-layout-constrained\">\n<h2 class=\"wp-block-heading has-text-align-left has-white-color has-text-color has-x-large-font-size\" style=\"font-style:normal;font-weight:300;letter-spacing:0px;line-height:1\">Veuillez faire <strong>don de terres<\/strong> pour favoriser l&#8217;acc\u00e8s \u00e0 la terre au Nouveau-Brunswick.<\/h2>\n<\/div>\n\n\n\n<div style=\"height:35px\" aria-hidden=\"true\" class=\"wp-block-spacer\"><\/div>\n\n\n\n<div class=\"wp-block-buttons is-content-justification-center is-nowrap is-layout-flex wp-container-core-buttons-is-layout-12a27398 wp-block-buttons-is-layout-flex\">\n<div class=\"wp-block-button is-style-outline is-style-outline--4\"><a class=\"wp-block-button__link has-white-color has-text-color has-background has-custom-font-size wp-element-button\" href=\"https:\/\/back2land.ca\/nbclt\/how-to-donate-land\/\" style=\"background-color:#00000052;padding-top:24px;padding-right:48px;padding-bottom:24px;padding-left:48px;font-size:16px;font-style:normal;font-weight:600;letter-spacing:0px;text-transform:uppercase\">apprendre comment<\/a><\/div>\n<\/div>\n<\/div><\/div>\n<\/div>\n<\/div>\n\n\n<\/main>\n","protected":false},"excerpt":{"rendered":"","protected":false},"author":2,"featured_media":0,"parent":0,"menu_order":0,"comment_status":"closed","ping_status":"closed","template":"page-large-header","meta":{"footnotes":""},"class_list":["post-15","page","type-page","status-publish","hentry"],"_links":{"self":[{"href":"https:\/\/back2land.ca\/nbclt\/wp-json\/wp\/v2\/pages\/15","targetHints":{"allow":["GET"]}}],"collection":[{"href":"https:\/\/back2land.ca\/nbclt\/wp-json\/wp\/v2\/pages"}],"about":[{"href":"https:\/\/back2land.ca\/nbclt\/wp-json\/wp\/v2\/types\/page"}],"author":[{"embeddable":true,"href":"https:\/\/back2land.ca\/nbclt\/wp-json\/wp\/v2\/users\/2"}],"replies":[{"embeddable":true,"href":"https:\/\/back2land.ca\/nbclt\/wp-json\/wp\/v2\/comments?post=15"}],"version-history":[{"count":26,"href":"https:\/\/back2land.ca\/nbclt\/wp-json\/wp\/v2\/pages\/15\/revisions"}],"predecessor-version":[{"id":453,"href":"https:\/\/back2land.ca\/nbclt\/wp-json\/wp\/v2\/pages\/15\/revisions\/453"}],"wp:attachment":[{"href":"https:\/\/back2land.ca\/nbclt\/wp-json\/wp\/v2\/media?parent=15"}],"curies":[{"name":"wp","href":"https:\/\/api.w.org\/{rel}","templated":true}]}}